hest common factor of c and 17.
17
Suppose 18 = -r + 1. Let u = 34 + r. Let l = u + -16. What is the greatest common factor of 2 and l?
1
Let p be (4*481/(-52))/((-2)/4). Calculate the greatest common factor of p and 333.
37
Let f(x) be the first derivative of -5*x**2/2 - 20*x + 9. Let n be f(-6). Calculate the highest common divisor of 5 and n.
5
Suppose -3*s + 156 - 126 = 0. Suppose 56 = 5*o + 6. Calculate the highest common factor of s and o.
10
Let o be 348/28 - 3/7. Let f = 0 - o. Let z be 3/f - (-122)/8. What is the greatest common factor of z and 10?
5
Suppose 36*v = 151 + 101. Let l be 3 - (-3 + 2/2). Suppose l*w = 47 + 198. What is the greatest common factor of v and w?
7
Suppose -4*x = -22*x - 990. Let y be ((31 - 0)*1)/(-1). Let q = y - x. What is the greatest common factor of q and 48?
24
Let x(d) = 2*d + 8. Let t be x(4). Let f = 197 + -117. Calculate the greatest common factor of t and f.
16
Let i = 3665 + -3644. Suppose -3*u - 44 - 145 = 0. Let h = 0 - u. Calculate the highest common factor of i and h.
21
Let l = 2 + 60. Suppose 0 = 2*j + 5*a - 198, 5*j - 5*a = l + 468. Let k(m) = 13*m**2 - m - 1. Let h be k(-1). Calculate the greatest common divisor of h and j.
13
Let q = -316 - -1378. Let o be q/8 + 1/4. Calculate the highest common divisor of o and 19.
19
Let g = -6 + 40. Let a = -373 + 645. What is the highest common divisor of a and g?
34
Let w = 778 - 65. Calculate the highest common factor of w and 46.
23
Suppose 379 = u + 6*m - 1637, -4*m = u - 2016. What is the greatest common divisor of 6 and u?
6
Let k = 5 - 3. Let m(i) = -i**2 + 8*i + 22. Let y be m(8). Calculate the highest common factor of y and k.
2
Let u = -84 + 86. Suppose -198 = -5*m + q, -u*m + 48 = q - 27. Calculate the greatest common divisor of m and 156.
39
Let s(v) = 2*v**2 - 4*v + 2. Let g(p) = p**3 + 5*p**2 - 4*p + 7. Let w be g(-6). Let a be s(w). Calculate the greatest common factor of a and 180.
36
Suppose -280 = -300*a + 296*a. Let s be ((-182)/65)/(1/(-5)). Calculate the greatest common divisor of s and a.
14
Suppose 952 = -76*n + 110*n. Calculate the greatest common factor of n and 36.
4
Suppose -538*v + 735 = -531*v. Calculate the highest common divisor of v and 21.
21
Let f be 4*(-1 - 12/(-8)). Suppose 0 = f*u + 5*l - 146, -5 = -l - 1. Suppose 7*z - 3*z - 84 = 0. Calculate the greatest common factor of u and z.
21
Let j be (-32)/(-5)*300/10. Calculate the greatest common factor of j and 12.
12
Suppose 77*r + 60 = 83*r. Calculate the greatest common factor of 190 and r.
10
Let s be (-24)/(-20) + 24/5. Let j(k) = k**2 - 2*k - 6. Let f be j(-4). Calculate the highest common factor of f and s.
6
Let l be 1/2 + (-189)/(-6). Let k = l - 33. Let u be k/(-2)*(18 - -4). What is the greatest common divisor of u and 121?
11
Suppose -1025 = -4*h + 1959. What is the highest common factor of 2 and h?
2
Let l be 9/21 + -4 + (-22790)/(-70). Calculate the greatest common divisor of 230 and l.
46
Let g = -408 - -590. Let w = g + -89. What is the greatest common divisor of w and 31?
31
Let y = 4 - 1. Let t be (-11 - 1)/(4 - 105/24). Suppose 5*r - 28 - t = 0. Calculate the greatest common factor of y and r.
3
Let g be (-1)/(-3) + 1050/9. Let h(c) = c**2 - 2*c + 3. Let r be h(3). Let a = 7 + r. Calculate the greatest common factor of a and g.
13
Let x be (0 - -2) + -92*(-5)/10. Let s = -8 + x. What is the highest common divisor of 10 and s?
10
Let m = 290 + -232. What is the greatest common factor of 203 and m?
29
Let i(q) = -q**3 - 10*q**2 + q - 20. Suppose 0 = -z - 2, 4*g - 4*z + 34 = z. Let m be i(g). What is the highest common factor of 36 and m?
18
Suppose 0 = -j + 2*j - 29. Suppose -4*r + 2*g = -936, -5*r + 5*g + 722 + 458 = 0. Calculate the greatest common factor of j and r.
29
Let b(r) = -r**3 - 3*r**2 - 2*r + 2. Let m be b(-2). Suppose -3*n = 5*j - 14, -n - 10 = -j + m*n. Calculate the greatest common factor of 1 and j.
1
Let y(l) = -l**3 + 8*l**2 + l - 8. Let f be y(6). Let u be (-3 - 215)*(-3)/6. Let x = -95 + u. Calculate the greatest common divisor of f and x.
14
Let a = -10 + 17. Let x = a + 0. Let b be 4/((-8)/x)*-6. Calculate the highest common factor of 231 and b.
21
Let u be (-231)/14*42/(-9). What is the highest common factor of u and 88?
11
Suppose -5*v + 58 = 3*q, 0*v + v = 2*q - 43. Suppose 143 = 4*r + 3*f, 2*r - 7*r + 174 = -f. Calculate the greatest common factor of r and q.
7
Suppose b + 2*g - 82 = 0, 5*b + 0*b - 421 = g. Let t(f) = -10*f - 54. Let x be t(-6). Calculate the greatest common divisor of b and x.
6
Let z(r) = -2*r**3 - 39*r**2 - 44*r + 50. Let i be z(-19). Calculate the greatest common divisor of i and 385.
35
Let y = -1759 + 1939. What is the greatest common divisor of y and 135?
45
Suppose 0 = -0*o + o. Let s = 11 + -9. Suppose -s*y + 38 = y + 5*x, o = -4*x + 4. Calculate the highest common factor of y and 11.
11
Let o(f) = -2*f**2 - 101*f - 333. Let d be o(-42). Calculate the highest common factor of 254 and d.
127
Let u = 901 + -498. Calculate the greatest common divisor of u and 31.
31
Suppose 9 = -5*f + 44. Suppose 0 = -f*t + 10*t - 36. Suppose t*v = 7*v + 75. Calculate the greatest common divisor of v and 105.
15
Let s(o) = -o - 1. Let x(u) = -u. Let q(y) = -2*s(y) + 5*x(y). Let n be q(-2). Calculate the greatest common divisor of n and 32.
8
Let d(k) = 18*k - 162. Let r be d(41). Calculate the highest common divisor of r and 36.
36
Let w(a) = 2*a**2 + 18*a + 1. Let u be w(-9). Let r = 46 - 43. What is the highest common factor of u and r?
1
Suppose 72 = -0*r + 4*r + 5*d, 3*r + d - 65 = 0. Suppose 8*v + 180 = r*v. What is the highest common divisor of 36 and v?
12
Let p be -3*(-1 + 2) + 3. Suppose 3*d - 284 + 20 = p. Let h = -15 - -26. Calculate the greatest common factor of h and d.
11
Suppose -5*t = -13 - 17. Suppose 7*k - t = k. Suppose -3*p + 4 = 2*a, -p + a = p - 5. What is the greatest common divisor of p and k?
1
Let p = -1513 - -1518. What is the greatest common factor of 185 and p?
5
Suppose 0 = -2*f + 10, -3*g - 3*f = 2*g. Let p be 8 - 3*2/g. Calculate the highest common factor of 4 and p.
2
Suppose -2 = c + c. Let s be c/2*(-11 + 5). Suppose -s*y = -0*y - 39. What is the greatest common factor of 65 and y?
13
Let v be (-1)/(-1) + 37 + 6. Let r = 27 + 61. Calculate the highest common divisor of r and v.
44
Let f(v) = -9*v - 15. Let a be f(-7). Calculate the greatest common factor of 32 and a.
16
Suppose -y + 20 = 4*y. Suppose 28 = 2*x - x + y*n, 0 = -x - 2*n + 26. Let f = x + -19. Calculate the highest common factor of f and 35.
5
Suppose 8*f + 31 = 63. What is the greatest common factor of f and 212?
4
Let h = -123 + 891. What is the greatest common divisor of h and 6?
6
Let x be (-126)/10 - (-4)/(-10). Let s be 2 + -7 + 3 - x. Let k be 80/25*110/4. Calculate the greatest common factor of s and k.
11
Let z(n) = 7*n - 16. Let b be z(10). Calculate the highest common factor of 144 and b.
18
Let o = -656 - -660. Calculate the greatest common factor of 22 and o.
2
Suppose 29*w = 5553 - 913. Let l = 17 + 15. Calculate the greatest common divisor of l and w.
32
Suppose 8*r - 12*r + 52 = 0. Suppose r + 17 = 6*a. Calculate the highest common factor of 55 and a.
5
Let h be 4/(-6) - 304/(-6). Suppose j = 4*d + 396, 3350 = -3*d + 3353. What is the greatest common divisor of j and h?
50
Let q = -111 + 201. Suppose -4*a - 18 = -q. Calculate the highest common factor of a and 90.
18
Let v(s) = s**2 + 6*s + 6. Let m be v(-6). Let k = -44 + 62. Suppose -k = -5*x + 12. Calculate the greatest common divisor of x and m.
6
Let w(c) = 4*c**2 - 38*c + 37. Let x be w(9). What is the highest common divisor of x and 76?
19
Let u(p) = p**3 - 25*p**2 + 34*p + 47. Let r be u(25). Calculate the greatest common factor of 39 and r.
39
Let d(l) = 2*l**2 - 3*l - 19. Let a be d(-6). Let s = 103 - a. Calculate the highest common divisor of 24 and s.
8
Suppose 3*c = b + 139, 5*c - 4*c = -4*b + 42. Calculate the greatest common factor of 2 and c.
2
Let t(v) = -2*v**3 - 3*v**2 + 6*v + 12. Let a be t(-4). Let p = -31 + a. What is the greatest common factor of 37 and p?
37
Let s be 6 + 1 + (-3 - -1). Suppose p - 4*p + 16 = 2*u, 3*u = -s*p + 26. What is the greatest common factor of 8 and u?
2
Let p(w) = 2*w**2 - 10*w. Let m be p(11). Let g = -36